{"id":3238,"date":"2023-04-16T18:42:16","date_gmt":"2023-04-16T16:42:16","guid":{"rendered":"https:\/\/zeichensetzen-online.de\/?page_id=3238"},"modified":"2023-05-21T18:40:36","modified_gmt":"2023-05-21T16:40:36","slug":"ueber-uns","status":"publish","type":"page","link":"https:\/\/zeichensetzen-online.de\/index.php\/ueber-uns\/","title":{"rendered":"Wir \u00fcber uns"},"content":{"rendered":"\t\t<div data-elementor-type=\"wp-page\" data-elementor-id=\"3238\" class=\"elementor elementor-3238\">\n\t\t\t\t\t\t<section class=\"penci-section penci-disSticky penci-structure-10 elementor-section elementor-top-section elementor-element elementor-element-5853a03 elementor-section-boxed elementor-section-height-default elementor-section-height-default\" data-id=\"5853a03\" data-element_type=\"section\" data-e-type=\"section\">\n\t\t\t\t\t\t<div class=\"elementor-container elementor-column-gap-default\">\n\t\t\t\t\t<div class=\"penci-ercol-100 penci-ercol-order-1 penci-sticky-ct    elementor-column elementor-col-100 elementor-top-column elementor-element elementor-element-d06fa2d\" data-id=\"d06fa2d\" data-element_type=\"column\" data-e-type=\"column\">\n\t\t\t<div class=\"elementor-widget-wrap elementor-element-populated\">\n\t\t\t\t\t\t<div class=\"elementor-element elementor-element-5b95d51 elementor-widget elementor-widget-text-editor\" data-id=\"5b95d51\" data-element_type=\"widget\" data-e-type=\"widget\" data-widget_type=\"text-editor.default\">\n\t\t\t\t\t\t\t\t\t<h3>Wer sind wir?<\/h3><ul><li>\u201eZeichen setzen!\u201c wurde 1994 unter dem Namen \u201eKultur ohne Worte\u201c gegr\u00fcndet. Es entstand als Kooperationsprojekt zwischen der Zeche Carl und der Arbeitsgruppe Kultur des Landesverbandes der Geh\u00f6rlosen NRW. <\/li><li>1996 bereiteten wir mit mehreren Verb\u00e4nden und Initiativen den \u201eTag der Geh\u00f6rlosen\u201c in Essen vor. Im Rahmen dieser Zusammenarbeit wurde das Projekt umbenannt in \u201eZeichen setzen!\u201c.<\/li><\/ul><ul><li>1997 beschlossen wir, das Kooperationsprojekt in einen F\u00f6rderverein umzuwandeln. Wir gr\u00fcndeten den F\u00f6rderverein \u201eZeichen setzen!\u201c \u2013 Geh\u00f6rlosenkultur in Essen e.V.<\/li><\/ul>\t\t\t\t\t\t\t\t<\/div>\n\t\t\t\t\t<\/div>\n\t\t<\/div>\n\t\t\t\t\t<\/div>\n\t\t<\/section>\n\t\t\t\t<section class=\"penci-section penci-disSticky penci-structure-10 elementor-section elementor-top-section elementor-element elementor-element-5d49ccf elementor-section-boxed elementor-section-height-default elementor-section-height-default\" data-id=\"5d49ccf\" data-element_type=\"section\" data-e-type=\"section\">\n\t\t\t\t\t\t<div class=\"elementor-container elementor-column-gap-default\">\n\t\t\t\t\t<div class=\"penci-ercol-100 penci-ercol-order-1 penci-sticky-ct    elementor-column elementor-col-100 elementor-top-column elementor-element elementor-element-e4ecb96\" data-id=\"e4ecb96\" data-element_type=\"column\" data-e-type=\"column\">\n\t\t\t<div class=\"elementor-widget-wrap elementor-element-populated\">\n\t\t\t\t\t\t<div class=\"elementor-element elementor-element-34631d6 elementor-widget-divider--view-line elementor-widget elementor-widget-divider\" data-id=\"34631d6\" data-element_type=\"widget\" data-e-type=\"widget\" data-widget_type=\"divider.default\">\n\t\t\t\t\t\t\t<div class=\"elementor-divider\">\n\t\t\t<span class=\"elementor-divider-separator\">\n\t\t\t\t\t\t<\/span>\n\t\t<\/div>\n\t\t\t\t\t\t<\/div>\n\t\t\t\t\t<\/div>\n\t\t<\/div>\n\t\t\t\t\t<\/div>\n\t\t<\/section>\n\t\t\t\t<section class=\"penci-section penci-disSticky penci-structure-10 elementor-section elementor-top-section elementor-element elementor-element-c6e3941 elementor-section-boxed elementor-section-height-default elementor-section-height-default\" data-id=\"c6e3941\" data-element_type=\"section\" data-e-type=\"section\">\n\t\t\t\t\t\t<div class=\"elementor-container elementor-column-gap-default\">\n\t\t\t\t\t<div class=\"penci-ercol-100 penci-ercol-order-1 penci-sticky-ct    elementor-column elementor-col-100 elementor-top-column elementor-element elementor-element-8eced68\" data-id=\"8eced68\" data-element_type=\"column\" data-e-type=\"column\">\n\t\t\t<div class=\"elementor-widget-wrap elementor-element-populated\">\n\t\t\t\t\t\t<div class=\"elementor-element elementor-element-7f98a5b elementor-widget elementor-widget-text-editor\" data-id=\"7f98a5b\" data-element_type=\"widget\" data-e-type=\"widget\" data-widget_type=\"text-editor.default\">\n\t\t\t\t\t\t\t\t\t<h3>Was wollen wir?<\/h3><ul><li>Unser Ziel war von Anfang an, das kulturelle Angebot f\u00fcr Geh\u00f6rlose in Essen zu erweitern. Durch den Einsatz von Geb\u00e4rdensprache m\u00f6chten wir dazu beitragen, dass geh\u00f6rlose und h\u00f6rbehinderte Menschen barrierefreien Zugang zu Kultur- und Bildungsangeboten erhalten.<\/li><li>Wir\u00a0 m\u00f6chten aber auch Geh\u00f6rlosenkultur \u201emachen\u201c, entdecken und f\u00f6rdern.<\/li><li>Dabei wenden wir uns nicht nur an Geh\u00f6rlose: Wir m\u00f6chten unsere Angebote auch schwerh\u00f6rigen und h\u00f6renden Menschen zug\u00e4nglich machen.<\/li><li>So verstehen wir Inklusion: Menschen mit unterschiedlicher Kommunikation begegnen sich auf Augenh\u00f6he.<\/li><\/ul>\t\t\t\t\t\t\t\t<\/div>\n\t\t\t\t\t<\/div>\n\t\t<\/div>\n\t\t\t\t\t<\/div>\n\t\t<\/section>\n\t\t\t\t<section class=\"penci-section penci-disSticky penci-structure-10 elementor-section elementor-top-section elementor-element elementor-element-c53edc3 elementor-section-boxed elementor-section-height-default elementor-section-height-default\" data-id=\"c53edc3\" data-element_type=\"section\" data-e-type=\"section\">\n\t\t\t\t\t\t<div class=\"elementor-container elementor-column-gap-default\">\n\t\t\t\t\t<div class=\"penci-ercol-100 penci-ercol-order-1 penci-sticky-ct    elementor-column elementor-col-100 elementor-top-column elementor-element elementor-element-e83d2a3\" data-id=\"e83d2a3\" data-element_type=\"column\" data-e-type=\"column\">\n\t\t\t<div class=\"elementor-widget-wrap elementor-element-populated\">\n\t\t\t\t\t\t<div class=\"elementor-element elementor-element-265559f elementor-widget-divider--view-line elementor-widget elementor-widget-divider\" data-id=\"265559f\" data-element_type=\"widget\" data-e-type=\"widget\" data-widget_type=\"divider.default\">\n\t\t\t\t\t\t\t<div class=\"elementor-divider\">\n\t\t\t<span class=\"elementor-divider-separator\">\n\t\t\t\t\t\t<\/span>\n\t\t<\/div>\n\t\t\t\t\t\t<\/div>\n\t\t\t\t\t<\/div>\n\t\t<\/div>\n\t\t\t\t\t<\/div>\n\t\t<\/section>\n\t\t\t\t<section class=\"penci-section penci-disSticky penci-structure-10 elementor-section elementor-top-section elementor-element elementor-element-23f28dd elementor-section-boxed elementor-section-height-default elementor-section-height-default\" data-id=\"23f28dd\" data-element_type=\"section\" data-e-type=\"section\">\n\t\t\t\t\t\t<div class=\"elementor-container elementor-column-gap-default\">\n\t\t\t\t\t<div class=\"penci-ercol-100 penci-ercol-order-1 penci-sticky-ct    elementor-column elementor-col-100 elementor-top-column elementor-element elementor-element-fc5bfb0\" data-id=\"fc5bfb0\" data-element_type=\"column\" data-e-type=\"column\">\n\t\t\t<div class=\"elementor-widget-wrap elementor-element-populated\">\n\t\t\t\t\t\t<div class=\"elementor-element elementor-element-d826573 elementor-widget elementor-widget-text-editor\" data-id=\"d826573\" data-element_type=\"widget\" data-e-type=\"widget\" data-widget_type=\"text-editor.default\">\n\t\t\t\t\t\t\t\t\t<h3>Was machen wir?<\/h3><ul><li>In Zusammenarbeit mit verschiedenen Partnern organisieren wir Veranstaltungen im Kultur- und Bildungsbereich. Wir wenden uns dabei an Jung und Alt, an Geh\u00f6rlose, Schwerh\u00f6rige und H\u00f6rende.<\/li><li>Wir organisieren bzw. unterst\u00fctzen regelm\u00e4\u00dfige Veranstaltungen des Kommunikationsforum Essen zu aktuellen Themen aus den Bereichen Gesundheit, Politik und Kultur.<\/li><li>Wir sind stets offen f\u00fcr neue Projekte und Ideen.<\/li><\/ul>\t\t\t\t\t\t\t\t<\/div>\n\t\t\t\t\t<\/div>\n\t\t<\/div>\n\t\t\t\t\t<\/div>\n\t\t<\/section>\n\t\t\t\t<\/div>\n\t\t","protected":false},"excerpt":{"rendered":"<p>Wer sind wir? \u201eZeichen setzen!\u201c wurde 1994 unter dem Namen \u201eKultur ohne Worte\u201c gegr\u00fcndet. Es entstand als Kooperationsprojekt zwischen der Zeche Carl und der Arbeitsgruppe Kultur des Landesverbandes der Geh\u00f6rlosen&hellip;<\/p>\n","protected":false},"author":1,"featured_media":0,"parent":0,"menu_order":0,"comment_status":"closed","ping_status":"closed","template":"","meta":{"content-type":"","_lmt_disableupdate":"","_lmt_disable":"","_themeisle_gutenberg_block_has_review":false,"footnotes":""},"class_list":["post-3238","page","type-page","status-publish","hentry"],"aioseo_notices":[],"_links":{"self":[{"href":"https:\/\/zeichensetzen-online.de\/index.php\/wp-json\/wp\/v2\/pages\/3238","targetHints":{"allow":["GET"]}}],"collection":[{"href":"https:\/\/zeichensetzen-online.de\/index.php\/wp-json\/wp\/v2\/pages"}],"about":[{"href":"https:\/\/zeichensetzen-online.de\/index.php\/wp-json\/wp\/v2\/types\/page"}],"author":[{"embeddable":true,"href":"https:\/\/zeichensetzen-online.de\/index.php\/wp-json\/wp\/v2\/users\/1"}],"replies":[{"embeddable":true,"href":"https:\/\/zeichensetzen-online.de\/index.php\/wp-json\/wp\/v2\/comments?post=3238"}],"version-history":[{"count":46,"href":"https:\/\/zeichensetzen-online.de\/index.php\/wp-json\/wp\/v2\/pages\/3238\/revisions"}],"predecessor-version":[{"id":4504,"href":"https:\/\/zeichensetzen-online.de\/index.php\/wp-json\/wp\/v2\/pages\/3238\/revisions\/4504"}],"wp:attachment":[{"href":"https:\/\/zeichensetzen-online.de\/index.php\/wp-json\/wp\/v2\/media?parent=3238"}],"curies":[{"name":"wp","href":"https:\/\/api.w.org\/{rel}","templated":true}]}}